{"id":544,"date":"2014-06-24T09:21:54","date_gmt":"2014-06-24T07:21:54","guid":{"rendered":"http:\/\/www.gkfm.ch\/?page_id=544"},"modified":"2025-03-06T11:38:05","modified_gmt":"2025-03-06T09:38:05","slug":"fundgrube","status":"publish","type":"page","link":"https:\/\/www.gkfm.ch\/?page_id=544","title":{"rendered":"Fundgrube"},"content":{"rendered":"<p>Alle verlorenen Gegenst\u00e4nde welche bei den Aufr\u00e4umarbeiten gefunden wurden, k\u00f6nnen w\u00e4hrend sieben Tagen nach dem Turnier auf Anfrage (076 349 56 50) in Gossau abgeholt werden.<\/p>\n<p>Nach einer Woche werden die nicht abgeholten Kleider und Gegenst\u00e4nde an eine wohlt\u00e4tige Organisation abgegeben.<\/p>\n\n\n<figure class=\"wp-block-gallery has-nested-images columns-default is-cropped wp-block-gallery-1 is-layout-flex wp-block-gallery-is-layout-flex\"><\/figure>\n\n\n\n<p><\/p>\n","protected":false},"excerpt":{"rendered":"<p>Alle verlorenen Gegenst\u00e4nde welche bei den Aufr\u00e4umarbeiten gefunden wurden, k\u00f6nnen w\u00e4hrend sieben Tagen nach dem Turnier auf Anfrage (076 349 56 50) in Gossau abgeholt werden. Nach einer Woche werden die nicht abgeholten Kleider und Gegenst\u00e4nde an eine wohlt\u00e4tige Organisation &hellip; <a href=\"https:\/\/www.gkfm.ch\/?page_id=544\">Continue reading <span class=\"meta-nav\">&rarr;<\/span><\/a><\/p>\n","protected":false},"author":1,"featured_media":0,"parent":0,"menu_order":0,"comment_status":"closed","ping_status":"closed","template":"","meta":{"footnotes":""},"class_list":["post-544","page","type-page","status-publish","hentry"],"_links":{"self":[{"href":"https:\/\/www.gkfm.ch\/index.php?rest_route=\/wp\/v2\/pages\/544","targetHints":{"allow":["GET"]}}],"collection":[{"href":"https:\/\/www.gkfm.ch\/index.php?rest_route=\/wp\/v2\/pages"}],"about":[{"href":"https:\/\/www.gkfm.ch\/index.php?rest_route=\/wp\/v2\/types\/page"}],"author":[{"embeddable":true,"href":"https:\/\/www.gkfm.ch\/index.php?rest_route=\/wp\/v2\/users\/1"}],"replies":[{"embeddable":true,"href":"https:\/\/www.gkfm.ch\/index.php?rest_route=%2Fwp%2Fv2%2Fcomments&post=544"}],"version-history":[{"count":6,"href":"https:\/\/www.gkfm.ch\/index.php?rest_route=\/wp\/v2\/pages\/544\/revisions"}],"predecessor-version":[{"id":2661,"href":"https:\/\/www.gkfm.ch\/index.php?rest_route=\/wp\/v2\/pages\/544\/revisions\/2661"}],"wp:attachment":[{"href":"https:\/\/www.gkfm.ch\/index.php?rest_route=%2Fwp%2Fv2%2Fmedia&parent=544"}],"curies":[{"name":"wp","href":"https:\/\/api.w.org\/{rel}","templated":true}]}}